{"id":78,"date":"2023-10-25T23:39:32","date_gmt":"2023-10-26T05:39:32","guid":{"rendered":"https:\/\/www.verur.mx\/?page_id=78"},"modified":"2023-11-02T13:07:49","modified_gmt":"2023-11-02T19:07:49","slug":"aviso-de-privacidad","status":"publish","type":"page","link":"https:\/\/www.verur.mx\/index.php\/aviso-de-privacidad\/","title":{"rendered":"Aviso de Privacidad"},"content":{"rendered":"\n<p>AGROQU\u00cdMICOS VERSA, S.A. DE C.V.<\/p>\n\n\n\n<p><br>Cumpliendo con la Ley Federal de Protecci\u00f3n de Datos en Posesi\u00f3n de Particulares y su Reglamento, as\u00ed como de los Lineamientos del Aviso de Privacidad.<\/p>\n\n\n\n<p><br>Responsable de la protecci\u00f3n de sus datos personales<br>AGROQU\u00cdMICOS VERSA, S.A. DE C.V. \u2013 Es el responsable del tratamiento de sus datos personales.<br><\/p>\n\n\n\n<p>\u00bfC\u00f3mo contactarnos?<\/p>\n\n\n\n<p><br>Domicilio: C. Alfonso Gomez Torres No. 160, Cd. Industrial de Torre\u00f3n, Torre\u00f3n, Coahuila, C.P. 27019.Correo electr\u00f3nico: avisodeprivacidad@grupoversa.comTel\u00e9fono: (871) 7-05-40-00<\/p>\n\n\n\n<p><br>\u00bfPara qu\u00e9 fines recabamos y utilizamos sus datos personales?<\/p>\n\n\n\n<p><br>Sus datos personales ser\u00e1n utilizados para las finalidades siguientes:<\/p>\n\n\n\n<p><br>Proveer los productos o servicios requeridos a esta empresa, dar cumplimiento a las obligaciones contra\u00eddas con usted, as\u00ed como para cumplir con las obligaciones fiscales, para fines de calidad en el servicio o producto, para la difusi\u00f3n de nuestros servicios y eventos a trav\u00e9s de las redes sociales que la empresa considere prudente, para la creaci\u00f3n de base de datos de clientes, socios y proveedores, para establecer contactos y relaciones comerciales, para notificarle sobre nuevos productos y servicios relacionados con los ya contratados y\/o adquiridos, para tr\u00e1mites de cr\u00e9dito, para realizar actos de compra venta al contado o cr\u00e9dito, evaluar la calidad del servicio, cumplir con las obligaciones contra\u00eddas con nuestros clientes, para seguimiento a reclamaciones, para atenci\u00f3n a clientes en general, para revisi\u00f3n de propuestas comerciales, para necesidades de seguridad de acceso y de entrenamiento, gestionar incidentes de seguridad, para reclutamiento y selecci\u00f3n de personal; estudios de mercado y aquellos permitidos por la Legislaci\u00f3n vigente.<\/p>\n\n\n\n<p><br>\u201cAgroqu\u00edmicos Versa, S.A de C.V.\u201d podr\u00e1 recabar sus datos personales de Usted tales como: \u201cInformaci\u00f3n de contacto\u201d como lo ser\u00eda: Nombre, puesto o cargo, domicilio, raz\u00f3n social de la persona moral que representa, giro de la empresa, Clave \u00fanica de Registro de Poblaci\u00f3n (CURP), fecha de nacimiento, firma, firma electr\u00f3nica, n\u00fameros de tel\u00e9fonos fijos o m\u00f3viles, direcci\u00f3n de correo electr\u00f3nico (e-mail) o de cualquier otra forma de contactarlo; informaci\u00f3n financiera y medios de pago como sus n\u00fameros de cuentas bancarias, la Clave Bancaria Estandarizada (CLABE), situaci\u00f3n en el Bur\u00f3 de cr\u00e9dito; informaci\u00f3n Fiscal como Registro Federal de Contribuyentes y Domicilio fiscal; datos sensibles mencionando de manera enunciativa mas no limitativa sus estados de salud presente y futuro; as\u00ed como datos acad\u00e9micos y en su caso, datos migratorios.<\/p>\n\n\n\n<p><br>Asimismo, tambi\u00e9n podr\u00e1 recabar sus im\u00e1genes (ya sea fotograf\u00edas o video) y voz grabadas por las c\u00e1maras de nuestro sistema de seguridad, datos relativos a nuestra relaci\u00f3n comercial derivada de los servicios que proporcionamos; as\u00ed como tambi\u00e9n intereses personales, formaci\u00f3n profesional y acad\u00e9mica, referencias personales, o cualquier otro dato, documento o referencia que resulten necesarios.<\/p>\n\n\n\n<p><br>\u00bfQu\u00e9 datos personales obtenemos y de d\u00f3nde?<\/p>\n\n\n\n<p><br>Para las finalidades se\u00f1aladas en este aviso de privacidad, podemos recabar sus datos personales de las formas siguientes: cuando usted nos los proporciona directamente; cuando visita nuestro sitio de Internet o nuestra p\u00e1gina en las redes sociales y; cuando obtenemos informaci\u00f3n indirectamente a trav\u00e9s de otras fuentes permitidas por la ley.<\/p>\n\n\n\n<p><br>Directamente. Cuando estando usted en nuestras oficinas o alg\u00fan miembro de la empresa se lo solicite por cualquier medio (tel\u00e9fono, mensaje de cualquier tipo o correo electr\u00f3nico), o estando con dichas personas en el lugar que fuese, le pedimos que nos los proporcione. Los datos que obtenemos por este medio pueden ser: Nombre completo; Domicilio; Tel\u00e9fono; Correo electr\u00f3nico; Lugar de trabajo y puesto; referencias personales y\/o comerciales.<\/p>\n\n\n\n<p><br>A trav\u00e9s de nuestro sitio de Internet o redes sociales. Ya sea que usted ingrese a nuestra p\u00e1gina web o a nuestras redes sociales y proporcione sus datos. Los datos que obtenemos por este medio pueden ser: Nombre completo; Domicilio; Tel\u00e9fono; Correo electr\u00f3nico; Lugar de trabajo y puesto.<br>Datos personales que recabamos a trav\u00e9s de otras fuentes. Podemos obtener informaci\u00f3n de otras fuentes permitidas por la ley, tales como los directorios telef\u00f3nicos o laborales. Los datos que obtenemos por estos medios pueden ser, entre otros: Nombre completo; Domicilio; Tel\u00e9fono; Correo electr\u00f3nico; Lugar de trabajo y puesto.<\/p>\n\n\n\n<p><br>Datos personales sensibles<\/p>\n\n\n\n<p><br>Le informamos que, para cumplir con las finalidades previstas en este aviso de privacidad, en el caso de recabar datos personales sensibles, ser\u00e1n tratados como tales; por datos sensibles se entienden: Aquellos datos personales que afecten a la esfera m\u00e1s \u00edntima de su titular, o cuya utilizaci\u00f3n indebida pueda dar origen a discriminaci\u00f3n o conlleve un riesgo grave para \u00e9ste. En particular, se consideran sensibles aquellos que puedan revelar aspectos como origen racial o \u00e9tnico, estado de salud presente y futuro, informaci\u00f3n gen\u00e9tica, creencias religiosas, filos\u00f3ficas y morales, afiliaci\u00f3n sindical, opiniones pol\u00edticas, preferencia sexual. Nos comprometemos a que los mismos ser\u00e1n tratados bajo las m\u00e1s estrictas medidas de seguridad que garanticen su confidencialidad.<\/p>\n\n\n\n<p><br>De conformidad con lo que establece el art\u00edculo 9 de la Ley Federal de Protecci\u00f3n de Datos Personales en Posesi\u00f3n de Particulares, requerimos de su consentimiento expreso para el tratamiento de sus datos personales sensibles, por lo que le solicitamos indique si acepta o no el tratamiento pues en caso de no recibirlo entenderemos que acepta el tratamiento (deber\u00e1 imprimir, firmar, escanear y enviar por correo a avisodeprivacidad@grupoversa.com el presente aviso:<br>Consiento que mis datos personales sensibles sean tratados conforme a los t\u00e9rminos y condiciones del presente aviso de privacidad.<br>Nombre y firma aut\u00f3grafa del titular<\/p>\n\n\n\n<p><br>\u00bfC\u00f3mo puedo limitar el uso o divulgaci\u00f3n de sus datos personales?<\/p>\n\n\n\n<p><br>Usted puede dejar de recibir mensajes o cualquier tipo de comunicaci\u00f3n por tel\u00e9fono fijo, celular o correo electr\u00f3nico mediante los pasos siguientes:<\/p>\n\n\n\n<p><br>Por correo electr\u00f3nico. Enviar un correo electr\u00f3nico aavisodeprivacidad@grupoversa.com desde su direcci\u00f3n de correo electr\u00f3nico a la que nos hemos dirigido con usted, cumpliendo con los siguientes requisitos: El nombre del titular y domicilio u otro medio para comunicarle la respuesta a su solicitud; los documentos que acrediten la identidad o, en su caso, la representaci\u00f3n legal del titular; La descripci\u00f3n clara y precisa de los datos personales respecto de los que se busca limitar su uso.<br>Personalmente. Deber\u00e1 acudir a nuestras oficinas y llenar la forma que le facilitaremos para dicho efecto, cumpliendo con los siguientes requisitos: El nombre del titular y domicilio u otro medio para comunicarle la respuesta a su solicitud; Los documentos que acrediten la identidad o, en su caso, la representaci\u00f3n legal del titular; La descripci\u00f3n clara y precisa de los datos personales respecto de los que se busca limitar su uso.<\/p>\n\n\n\n<p><br>T\u00e9rmino. El plazo para atender y resolver su solicitud no ser\u00e1 mayor a 48 horas posteriores a la recepci\u00f3n de su correo electr\u00f3nico o documentos f\u00edsicamente.<\/p>\n\n\n\n<p><br>\u00bfC\u00f3mo acceder o rectificar sus datos personales o cancelar u oponerse a su uso?<br>Con apego a lo estipulado por la Ley federal de protecci\u00f3n de datos personas en posesi\u00f3n de particulares, Usted o su representante legal en su caso, podr\u00e1 ejercer. los derechos de acceder, rectificar, cancelar u oponerse (Derechos A.R.C.O.) a sus datos personales que poseemos y a los detalles del tratamiento de los mismos, cuando as\u00ed lo estime conveniente de acuerdo al presente Aviso de Privacidad.<\/p>\n\n\n\n<p><br>Usted tiene derecho de acceder a sus datos personales que poseemos y a los detalles del tratamiento de los mismos, as\u00ed como a rectificarlos en caso de ser inexactos e incompletos; cancelarlos cuando considere que no se requieren para alguna de las finalidades se\u00f1aladas en este aviso de privacidad, est\u00e9n siendo utilizados para finalidades no consentidas o haya finalizado la relaci\u00f3n contractual o de servicio, o bien, oponerse al tratamiento de los mismos para fines espec\u00edficos. Podr\u00e1 hacer esto a trav\u00e9s de los pasos siguientes:<\/p>\n\n\n\n<p><br>Por correo electr\u00f3nico. Enviar un correo electr\u00f3nico a avisodeprivacidad@grupoversa.com desde su direcci\u00f3n de correo electr\u00f3nico a la que nos hemos dirigido con usted, cumpliendo con los siguientes requisitos: El nombre del titular y domicilio u otro medio para comunicarle la respuesta a su solicitud; Los documentos que acrediten la identidad o, en su caso, la representaci\u00f3n legal del titular; La descripci\u00f3n clara y precisa de los datos personales respecto de los que se busca acceder, rectificar, cancelar u oponerse a su uso.<\/p>\n\n\n\n<p>Personalmente deber\u00e1 acudir a nuestras oficinas y llenar la forma que le facilitaremos para dicho efecto, cumpliendo con los siguientes requisitos: El nombre del titular y domicilio u otro medio para comunicarle la respuesta a su solicitud; Los documentos que acrediten la identidad o, en su caso, la representaci\u00f3n legal del titular; La descripci\u00f3n clara y precisa de los datos personales respecto de los que se busca acceder, rectificar, cancelar u oponerse a su uso.<\/p>\n\n\n\n<p><br>T\u00e9rmino. El plazo para atender y resolver su solicitud no ser\u00e1 mayor a 5 d\u00edas h\u00e1biles posteriores a la recepci\u00f3n de su correo electr\u00f3nico o documentos f\u00edsicamente.<br><\/p>\n\n\n\n<p>\u00bfSus datos pueden viajar a otro pa\u00eds o ser compartidos con otros?<br>De ninguna manera compartiremos ni divulgaremos la informaci\u00f3n que usted nos proporcione con ninguna persona o empresa, salvo las excepciones previstas por el art\u00edculo 37 de la Ley Federal de Protecci\u00f3n de Datos Personales en Posesi\u00f3n de Particulares, as\u00ed como realizar esta transferencia en los t\u00e9rminos que fija dicha ley.<\/p>\n\n\n\n<p><br>Modificaciones al aviso de privacidad<br><\/p>\n\n\n\n<p>Nos reservamos el derecho de efectuar cualquier modificaci\u00f3n o actualizaci\u00f3n a este aviso de privacidad para la atenci\u00f3n de novedades legislativas o pol\u00edticas internas, en cualquier momento. La notificaci\u00f3n de las modificaciones se har\u00e1 a trav\u00e9s de correo electr\u00f3nico y ser\u00e1 dirigida a las direcciones que ustedes nos hayan proporcionado; en caso de no contar con direcci\u00f3n de correo alguna, se publicar\u00e1 de igual manera en la p\u00e1gina de la empresa en la secci\u00f3n de Aviso de privacidad.<br>\u00bfAnte qui\u00e9n puede presentar sus quejas y denuncias por el tratamiento indebido de sus datos personales?<\/p>\n\n\n\n<p><br>Si usted considera que su derecho a la protecci\u00f3n de datos personales ha sido violado de alguna manera por el personal de nuestra empresa, atenciones o respuestas, en relaci\u00f3n con la Ley Federal de Protecci\u00f3n de Datos Personales en Posesi\u00f3n de Particulares, podr\u00e1 usted interponer una queja ante el IFAI (www.ifai.org.mx).<\/p>\n\n\n\n<p><\/p>\n","protected":false},"excerpt":{"rendered":"<p>AGROQU\u00cdMICOS VERSA, S.A. DE C.V. Cumpliendo con la Ley Federal de Protecci\u00f3n de Datos en Posesi\u00f3n de Particulares y su Reglamento, as\u00ed como de los Lineamientos del Aviso de Privacidad. Responsable de la protecci\u00f3n de sus datos personalesAGROQU\u00cdMICOS VERSA, S.A. DE C.V. \u2013 Es el responsable del tratamiento de sus datos personales. \u00bfC\u00f3mo contactarnos? Domicilio: &#8230; <a class=\"more-link\" href=\"https:\/\/www.verur.mx\/index.php\/aviso-de-privacidad\/\">Continue reading<\/a><\/p>\n","protected":false},"author":1,"featured_media":0,"parent":0,"menu_order":0,"comment_status":"closed","ping_status":"closed","template":"","meta":{"footnotes":""},"class_list":["post-78","page","type-page","status-publish","hentry"],"_links":{"self":[{"href":"https:\/\/www.verur.mx\/index.php\/wp-json\/wp\/v2\/pages\/78","targetHints":{"allow":["GET"]}}],"collection":[{"href":"https:\/\/www.verur.mx\/index.php\/wp-json\/wp\/v2\/pages"}],"about":[{"href":"https:\/\/www.verur.mx\/index.php\/wp-json\/wp\/v2\/types\/page"}],"author":[{"embeddable":true,"href":"https:\/\/www.verur.mx\/index.php\/wp-json\/wp\/v2\/users\/1"}],"replies":[{"embeddable":true,"href":"https:\/\/www.verur.mx\/index.php\/wp-json\/wp\/v2\/comments?post=78"}],"version-history":[{"count":3,"href":"https:\/\/www.verur.mx\/index.php\/wp-json\/wp\/v2\/pages\/78\/revisions"}],"predecessor-version":[{"id":3110,"href":"https:\/\/www.verur.mx\/index.php\/wp-json\/wp\/v2\/pages\/78\/revisions\/3110"}],"wp:attachment":[{"href":"https:\/\/www.verur.mx\/index.php\/wp-json\/wp\/v2\/media?parent=78"}],"curies":[{"name":"wp","href":"https:\/\/api.w.org\/{rel}","templated":true}]}}